
Is 1960290071 a prime number?
False
Is 216991852606 a composite number?
True
Is 100741918687 a prime number?
False
Is 4037054239 composite?
False
Is 3525763667 prime?
True
Is 920312591 a composite number?
True
Is 2378783963 prime?
False
Is 22330564639 composite?
True
Is 680242831 a composite number?
False
Is 573782863 composite?
True
Is 7923122821 composite?
False
Is 43378757 composite?
False
Is 14164227601 a prime number?
False
Is 546207001 a composite number?
True
Is 5628716441 composite?
True
Is 907884869 prime?
True
Is 3641940937 composite?
False
Is 18239043829 a composite number?
False
Is 24357466153 a composite number?
True
Is 1261749889 prime?
False
Is 14262127709 composite?
False
Is 3495058783 a composite number?
True
Is 13848686321 composite?
True
Is 4904345549 a composite number?
True
Is 5004653993 prime?
True
Is 136155263 prime?
False
Is 7709033141 prime?
False
Is 3367118593 prime?
True
Is 377826629 a composite number?
False
Is 104393603 a prime number?
True
Is 2206069451 prime?
False
Is 592456559 a composite number?
True
Is 501834719 composite?
False
Is 417723461 a prime number?
False
Is 12216947603 composite?
True
Is 95431515781 a composite number?
True
Is 839939521 a prime number?
True
Is 45497875399 composite?
True
Is 77828243 a composite number?
False
Is 3203468637 composite?
True
Is 789230401 composite?
True
Is 147509409857 composite?
False
Is 911617229 composite?
False
Is 20495659 prime?
False
Is 983788343 composite?
True
Is 1802457805 a prime number?
False
Is 89014619 prime?
True
Is 1422718343 composite?
False
Is 362904689 composite?
True
Is 19052128399 a composite number?
False
Is 1019629969 a prime number?
True
Is 2125387421 composite?
False
Is 29724734023 prime?
False
Is 4526687659 prime?
False
Is 15442182029 composite?
False
Is 623934127 prime?
True
Is 10418298269 prime?
True
Is 374497723 composite?
False
Is 1890770131 a composite number?
True
Is 10963638109 a prime number?
False
Is 141051661 composite?
True
Is 1467031859 prime?
True
Is 1198889561 prime?
False
Is 3879373117 a prime number?
False
Is 325686709 composite?
False
Is 17361936491 composite?
False
Is 16653739931 composite?
True
Is 2832944915 prime?
False
Is 1588679633 a prime number?
True
Is 522589751 a composite number?
True
Is 13831857451 a composite number?
False
Is 36165112471 prime?
False
Is 19572493667 a composite number?
True
Is 598255057 prime?
False
Is 6321148517 prime?
True
Is 813935539 a composite number?
False
Is 139339663 prime?
False
Is 2232397357 a composite number?
True
Is 21603997903 a composite number?
False
Is 9977799569 prime?
False
Is 1651668913 a prime number?
True
Is 45796412773 prime?
True
Is 598782661 a composite number?
True
Is 13351558289 prime?
True
Is 35349300359 a prime number?
True
Is 1997288135 prime?
False
Is 6907858351 prime?
True
Is 222211796591 prime?
True
Is 135501101878 a composite number?
True
Is 362830679 prime?
False
Is 363562603 a prime number?
True
Is 2693035351 a composite number?
True
Is 23190709 composite?
True
Is 3032305387 prime?
True
Is 2863985039 a prime number?
False
Is 527780431 composite?
False
Is 348642347 a composite number?
True
Is 151437659963 a prime number?
True
Is 36029701183 prime?
False
Is 11669468047 a prime number?
False
Is 54225967 composite?
True
Is 61299089497 a prime number?
True
Is 210200689 prime?
False
Is 47260693 a composite number?
True
Is 8259150947 a prime number?
False
Is 4348034711 composite?
True
Is 190391699 composite?
True
Is 1464439337 a prime number?
False
Is 57251449 composite?
False
Is 125969823817 composite?
False
Is 39078202357 composite?
True
Is 2983035261 composite?
True
Is 863537999 a composite number?
False
Is 118953833 prime?
False
Is 1759306603 prime?
True
Is 142608222557 a composite number?
False
Is 734427403 prime?
False
Is 1187284799 prime?
True
Is 535061491 a composite number?
False
Is 8455531751 composite?
True
Is 13229265197 a prime number?
False
Is 3385246493 a prime number?
True
Is 1843319011 prime?
True
Is 892007327 a composite number?
False
Is 5051888977 a prime number?
True
Is 869356203 composite?
True
Is 25370774327 a prime number?
True
Is 1644843671 composite?
False
Is 4639506591 prime?
False
Is 420562603 prime?
True
Is 3765747097 a prime number?
False
Is 58071674741 a composite number?
False
Is 19838915297 composite?
False
Is 2095195979 prime?
True
Is 10196425571 a composite number?
False
Is 325148767 prime?
False
Is 7138786063 a composite number?
False
Is 12659476993 prime?
False
Is 69212959 prime?
False
Is 2522263663 prime?
True
Is 211321793 prime?
True
Is 4194154001 prime?
True
Is 6814104673 a composite number?
False
Is 117106322071 a prime number?
False
Is 13501565195 a prime number?
False
Is 1293732479 prime?
False
Is 107116620571 prime?
True
Is 3838500287 a prime number?
False
Is 22279577549 composite?
True
Is 45548923493 a prime number?
False
Is 3521956219 prime?
False
Is 5948218699 a composite number?
False
Is 914131681 a prime number?
False
Is 1472911717 composite?
False
Is 1393061287 a composite number?
False
Is 28994243 composite?
False
Is 3079697981 composite?
False
Is 775130507 a composite number?
True
Is 1377189301 composite?
False
Is 11223452839 a composite number?
False
Is 924975599 composite?
True
Is 816124382 a prime number?
False
Is 588512167 composite?
True
Is 2877516314 a composite number?
True
Is 68633989 composite?
True
Is 11201334367 a prime number?
True
Is 20593491 composite?
True
Is 458841001 prime?
False
Is 1037156807 a composite number?
False
Is 19382135243 composite?
False
Is 2130004543 composite?
False
Is 2671517371 a composite number?
False
Is 382797059 a composite number?
False
Is 16111740077 a prime number?
True
Is 5526858973 prime?
True
Is 4848652631 prime?
True
Is 704491933 a prime number?
True
Is 359819363 composite?
True
Is 414403193 a prime number?
True
Is 8119217707 prime?
True
Is 34428751927 prime?
True
Is 5302967171 composite?
False
Is 144623077 composite?
False
Is 1373051497 a composite number?
True
Is 2469626789 prime?
False
Is 220848883 prime?
True
Is 34059479897 a composite number?
False
Is 2850035417 a prime number?
False
Is 1743269873 a composite number?
True
Is 3885922793 a composite number?
False
Is 6467969 a composite number?
False
Is 81838193869 a composite number?
True
Is 438584971 a composite number?
True
Is 1478622367 composite?
True
Is 12479954761 a prime number?
True
Is 2657226449 composite?
True
Is 9040391923 a prime number?
True
Is 780109997 prime?
True
Is 44567720009 prime?
False
Is 4560594847 composite?
True
Is 6661261619 prime?
True
Is 118440519335 composite?
True
Is 315358301 a prime number?
True
Is 722220059 prime?
False
Is 12070142593 composite?
True
Is 2762918141 composite?
False
Is 21167011799 prime?
True
Is 142815585113 a prime number?
True
Is 432730093 a composite number?
False
Is 16727212217 prime?
True
Is 35942256391 a composite number?
False
Is 8036983567 a composite number?
False
Is 2647067911 a composite number?
True
Is 900490931 composite?
False
Is 32195563 a composite number?
True
Is 947857069 a prime number?
True
Is 1071171787 a prime number?
False
Is 1525044307 a prime number?
True
Is 839317417 a prime number?
True
Is 3531036523 composite?
True
Is 7692271091 a composite number?
False
Is 199974337 a prime number?
False
Is 4911861029 a composite number?
True
Is 8097996497 prime?
True
Is 939315851 composite?
False
Is 2983781131 prime?
True
Is 35803101833 a prime number?
True
Is 1154743519 prime?
False
Is 838744651 a composite number?
False
Is 168244481 a prime number?
True
Is 1571882659 prime?
True
Is 48716983613 composite?
False
Is 7017526531 a composite number?
False
Is 6584524481 composite?
False
Is 4082280691 a composite number?
False
Is 4943987117 prime?
True
Is 53440652093 composite?
True
Is 208896883 prime?
False
Is 7392954689 a prime number?
True
Is 4366966619 a prime number?
False
Is 2875676249 a prime number?
False
Is 41054764243 a composite number?
False
Is 370164793 prime?
True
Is 3876776989 prime?
True
Is 446317563 a prime number?
False
Is 1040653489 composite?
True
Is 228603861037 composite?
False
Is 1870720739 prime?
False
Is 7276006811 a prime number?
True
Is 7304140319 a prime number?
False
Is 843290533 a prime number?
False
Is 4988108767 composite?
False
Is 8685